 prime?
False
Is 4471 a composite number?
True
Is 533 prime?
False
Is 23251 a prime number?
True
Is 18794 a composite number?
True
Is 25997 composite?
False
Is 98369 a prime number?
True
Is 131731 composite?
False
Is 63641 a prime number?
False
Is 368939 a prime number?
True
Is 53591 prime?
True
Is 8657 prime?
False
Is 1381 a composite number?
False
Is 65053 a composite number?
False
Is 1533083 a composite number?
False
Is 397147 a composite number?
True
Is 171733 a prime number?
True
Is 1082 prime?
False
Is 4201 a composite number?
False
Is 246709 prime?
True
Is 27155 a prime number?
False
Is 1163 a prime number?
True
Is 5903 composite?
False
Is 57637 composite?
False
Is 10801 composite?
True
Is 24809 a prime number?
True
Is 2171721 a composite number?
True
Is 46489 prime?
True
Is 34457 prime?
True
Is 218903 prime?
False
Is 21869 prime?
False
Is 8767 composite?
True
Is 16547 a composite number?
False
Is 602971 a composite number?
False
Is 9727 composite?
True
Is 211513 composite?
True
Is 70717 composite?
False
Is 7369 a composite number?
False
Is 2495 a composite number?
True
Is 331 composite?
False
Is 189377 a prime number?
True
Is 132929 a prime number?
True
Is 1471 a composite number?
False
Is 1251269 a prime number?
False
Is 208367 a composite number?
False
Is 5501 composite?
False
Is 190273 prime?
False
Is 1361983 composite?
True
Is 180949 composite?
False
Is 8999 composite?
False
Is 117961 composite?
True
Is 452519 a prime number?
True
Is 40769 a composite number?
True
Is 342409 prime?
False
Is 41729 a prime number?
True
Is 4489 a prime number?
False
Is 2245 composite?
True
Is 10133 prime?
True
Is 471574 prime?
False
Is 56435 composite?
True
Is 1649917 a composite number?
False
Is 2899 composite?
True
Is 1027 composite?
True
Is 3293 composite?
True
Is 8859 a prime number?
False
Is 92431 prime?
True
Is 596137 a prime number?
False
Is 119 a composite number?
True
Is 65561 a prime number?
False
Is 5981 prime?
True
Is 887 a prime number?
True
Is 8369 a composite number?
False
Is 2301837 prime?
False
Is 148547 a composite number?
True
Is 203761 composite?
False
Is 6779 a composite number?
False
Is 7993 prime?
True
Is 9431 composite?
False
Is 37121 prime?
False
Is 242071 prime?
False
Is 36031 a prime number?
False
Is 5303 a composite number?
False
Is 22921 a prime number?
True
Is 28421 a composite number?
True
Is 20199 prime?
False
Is 907 a prime number?
True
Is 465407 prime?
True
Is 5077 a composite number?
False
Is 17211 a prime number?
False
Is 61511 a composite number?
False
Is 458971 a composite number?
False
Is 1068133 prime?
False
Is 555931 composite?
False
Is 57679 a prime number?
True
Is 20495 a composite number?
True
Is 56567 a prime number?
False
Is 1383337 composite?
True
Is 2719 a composite number?
False
Is 60719 a prime number?
True
Is 10667 a prime number?
True
Is 608435 composite?
True
Is 166013 a prime number?
True
Is 108723 a composite number?
True
Is 147709 prime?
True
Is 249737 a composite number?
False
Is 1262557 prime?
True
Is 1361 prime?
True
Is 21059 prime?
True
Is 107006 composite?
True
Is 935837 a composite number?
True
Is 6007 prime?
True
Is 208113 a prime number?
False
Is 521 a prime number?
True
Is 11299 composite?
False
Is 755681 composite?
False
Is 863833 prime?
True
Is 3295 a composite number?
True
Is 2071481 a composite number?
False
Is 60601 a composite number?
False
Is 18013 a prime number?
True
Is 230327 composite?
False
Is 79303 a prime number?
False
Is 3113 a prime number?
False
Is 5509 a prime number?
False
Is 16817 prime?
False
Is 549109 composite?
True
Is 1009 a composite number?
False
Is 14069 composite?
True
Is 2046259 a composite number?
True
Is 31687 a composite number?
False
Is 218753 composite?
True
Is 4831 a prime number?
True
Is 14983 a prime number?
True
Is 7451 a prime number?
True
Is 12527 prime?
True
Is 4274 prime?
False
Is 2809 a prime number?
False
Is 185243 a composite number?
False
Is 98749 a composite number?
True
Is 24623 composite?
False
Is 10529 a prime number?
True
Is 8369 prime?
True
Is 7321 composite?
False
Is 806473 prime?
False
Is 1838371 composite?
False
Is 6247 a composite number?
False
Is 1812805 prime?
False
Is 2371 prime?
True
Is 19303 composite?
True
Is 833501 a composite number?
True
Is 1022657 a prime number?
False
Is 31999 a composite number?
True
Is 5749 a composite number?
False
Is 106903 composite?
False
Is 977 prime?
True
Is 36037 a prime number?
True
Is 447955 prime?
False
Is 50069 composite?
False
Is 17603 composite?
True
Is 106871 composite?
False
Is 10061 a prime number?
True
Is 1363 a composite number?
True
Is 375743 a composite number?
False
Is 12539 composite?
False
Is 14693 prime?
False
Is 423663 prime?
False
Is 422611 composite?
True
Is 1478 composite?
True
Is 2909 composite?
False
Is 264157 composite?
True
Is 5051 prime?
True
Is 300439 composite?
False
Is 1694697 composite?
True
Is 89702 a composite number?
True
Is 31417 composite?
True
Is 4911371 a prime number?
True
Is 392969 a prime number?
True
Is 1599587 a prime number?
False
Is 1282 composite?
True
Is 150959 a composite number?
False
Is 50033 a composite number?
False
Is 1948433 composite?
False
Is 5317 a composite number?
True
Is 372223 prime?
True
Is 325849 a prime number?
True
Is 44769 a prime number?
False
Is 19661 a prime number?
True
Is 209743 a composite number?
False
Is 809981 a prime number?
True
Is 1817 a composite number?
True
Is 5287 a composite number?
True
Is 1657 composite?
False
Is 4226 prime?
False
Is 936087 prime?
False
Is 187045 composite?
True
Is 2149 a composite number?
True
Is 159539 a composite number?
False
Is 152651 a composite number?
True
Is 355115 composite?
True
Is 16309 a prime number?
False
Is 23105 a composite number?
True
Is 75791 prime?
False
Is 43853 a prime number?
True
Is 838363 a prime number?
True
Is 5227 composite?
False
Is 102047 prime?
False
Is 55229 a composite number?
False
Is 27407 a prime number?
True
Is 4269 a composite number?
True
Is 3079 composite?
False
Is 133691 prime?
True
Is 2394257 prime?
True
Is 3337 a composite number?
True
Is 955 a prime number?
False
Is 1037203 prime?
False
Is 4451 a prime number?
True
Is 607051 prime?
False
Is 15349 composite?
False
Is 218561 a composite number?
True
Is 9029 composite?
False
Is 719 a composite number?
False
Is 92839 a prime number?
False
Is 740695 a composite number?
True
Is 84511 prime?
False
Is 2539 a composite number?
False
Is 1172573 prime?
True
Is 145633 a prime number?
True
Is 67939 composite?
False
Is 18191 composite?
False
Is 135143 a composite number?
True
Is 19473 a composite number?
True
Is 464279 a prime number?
True
Is 11351 a composite number?
False
Is 22917 a composite number?
True
Is 2599 composite?
True
Is 1157 a prime number?
False
Is 749551 a prime number?
False
Is 309 a prime number?
False
Is 32531 a composite number?
False
Is 586 a composite number?
True
Is 135799 a composite number?
False
Is 31549 prime?
False
Is 57863 a prime number?
False
Is 2797 a composite number?
False
Is 26671 prime?
False
Is 75827 a prime number?
False
Is 1115249 prime?
False
Is 51719 composite?
False
Is 27953 a prime number?
True
Is 82457 a composite number?
False
Is 1373947 a prime number?
False
Is 3967 prime?
True
Is 93047 prime?
True
Is 4874 a composite number?
True
Is 2666423 prime?
True
Is 69011 a prime number?
True
Is 157721 composite?
False
Is 11519 a composite number?
False
Is 15133 a composite number?
True
Is 216093 a composite number?
True
Is 5179481 a composite number?
False
Is 21309 a composite number?
True
Is 509239 prime?
True
Is 132163 composite?
True
Is 9745 a composite number?
True
Is 265 composite?
True
Is 48589 composite?
False
Is 23459 a composite number?
False
Is 44339 a composite number?
True
Is 506381 a composite number?
False
Is 3151 a prime number?
False
Is 19373 composite?
False
Is 3839 prime?
False
Is 921 prime?
False
Is 466607 a prime number?
False
Is 14281 a prime number?
True
Is 967 a composite number?
False
Is 3466 composite?
True
Is 112117 a composite number?
True
Is 355753 a composite number?
False
Is 799723 a composite number?
False
Is 188339 a prime number?
False
Is 26305 a composite number?
True
Is 538567 a prime number?
True
Is 8459 composite?
True
Is 571 a prime number